341.
29, 53, 36293
List the prime factors of 224608728.
2, 3, 19, 492563
What are the prime factors of 9168199?
223, 41113
List the prime factors of 14554981.
7, 1433, 1451
What are the prime factors of 1375494142?
2, 11, 617, 101333
List the prime factors of 88425476.
2, 257, 86017
List the prime factors of 1162584109.
1162584109
What are the prime factors of 85474984?
2, 7, 1526339
List the prime factors of 109352203.
109352203
List the prime factors of 54231693.
3, 18077231
What are the prime factors of 8082631?
8082631
What are the prime factors of 78646810?
2, 5, 11, 714971
What are the prime factors of 98454805?
5, 19690961
What are the prime factors of 156389484?
2, 3, 307, 42451
List the prime factors of 116836620.
2, 3, 5, 457, 4261
List the prime factors of 4219322025.
3, 5, 1663, 33829
What are the prime factors of 367219702?
2, 23, 7983037
What are the prime factors of 57310306?
2, 1663, 17231
What are the prime factors of 64681432?
2, 8085179
What are the prime factors of 1255637?
17, 233, 317
What are the prime factors of 990031480?
2, 5, 19, 1302673
List the prime factors of 2222081147.
11, 13, 31, 45569
List the prime factors of 54184351.
13, 131, 31817
What are the prime factors of 887920384?
2, 13, 479, 557
List the prime factors of 9640708.
2, 7, 11, 113, 277
What are the prime factors of 698367236?
2, 7, 367, 67961
What are the prime factors of 3273731361?
3, 17, 647, 33071
List the prime factors of 407357290.
2, 5, 40735729
List the prime factors of 3208232677.
13, 29, 8509901
List the prime factors of 317531473.
7, 2647, 17137
What are the prime factors of 1555409521?
19, 6151, 13309
List the prime factors of 107612538.
2, 3, 11, 23, 70891
What are the prime factors of 935852440?
2, 5, 113, 197, 1051
List the prime factors of 2513005058.
2, 619, 2029891
List the prime factors of 117495856.
2, 167, 43973
List the prime factors of 1081913093.
719, 1504747
List the prime factors of 2164766583.
3, 7, 67, 1538569
What are the prime factors of 595986805?
5, 119197361
What are the prime factors of 11061798?
2, 3, 11, 17, 9859
List the prime factors of 1280330202.
2, 3, 67, 3184901
List the prime factors of 4805045525.
5, 7, 29, 137, 6911
List the prime factors of 155276504.
2, 17, 1141739
What are the prime factors of 8086298?
2, 11, 367559
List the prime factors of 262990424.
2, 32873803
What are the prime factors of 783330686?
2, 6733, 58171
List the prime factors of 222171881.
23, 9659647
What are the prime factors of 170080086?
2, 3, 11, 1487, 1733
List the prime factors of 310832002.
2, 13, 3361, 3557
What are the prime factors of 805727386?
2, 31, 13523
What are the prime factors of 646569538?
2, 10667, 30307
What are the prime factors of 1506271150?
2, 5, 23, 1309801
List the prime factors of 79069241.
19, 4161539
What are the prime factors of 391585551?
3, 7, 18646931
List the prime factors of 772052002.
2, 2791, 138311
What are the prime factors of 821354405?
5, 17, 2521, 3833
What are the prime factors of 287718961?
163, 1765147
What are the prime factors of 2030287202?
2, 79, 12849919
What are the prime factors of 10202849?
10202849
List the prime factors of 34843805.
5, 709, 9829
What are the prime factors of 2368390389?
3, 211, 3741533
What are the prime factors of 49359716?
2, 7, 337, 5231
What are the prime factors of 123671245?
5, 31, 83, 9613
What are the prime factors of 12239092?
2, 157, 19489
List the prime factors of 1266389792.
2, 39574681
List the prime factors of 2592018953.
3373, 768461
List the prime factors of 45259223.
45259223
List the prime factors of 181716360.
2, 3, 5, 7, 216329
List the prime factors of 31130238.
2, 3, 2129, 2437
List the prime factors of 132035658.
2, 3, 22005943
What are the prime factors of 29667769?
23, 83, 15541
List the prime factors of 26288708.
2, 41, 157, 1021
What are the prime factors of 621187811?
317, 1959583
List the prime factors of 55033275.
3, 5, 11, 41, 1627
List the prime factors of 1010133859.
7, 144304837
What are the prime factors of 2462133859?
2462133859
List the prime factors of 640610265.
3, 5, 42707351
List the prime factors of 182116793.
41, 1663, 2671
List the prime factors of 65665888.
2, 2052059
What are the prime factors of 199880126?
2, 31, 3223873
List the prime factors of 77378875.
5, 7, 191, 463
List the prime factors of 166727224.
2, 1399, 14897
List the prime factors of 422145426.
2, 3, 67, 193, 5441
List the prime factors of 257246554.
2, 43, 2991239
List the prime factors of 582969693.
3, 41, 1103, 4297
What are the prime factors of 4837731476?
2, 20611, 58679
List the prime factors of 3044060821.
2179, 1396999
List the prime factors of 626451934.
2, 313225967
List the prime factors of 131187652.
2, 977, 33569
What are the prime factors of 85401597?
3, 28467199
List the prime factors of 294773264.
2, 311, 59239
List the prime factors of 216118401.
3, 72039467
What are the prime factors of 1991456?
2, 62233
List the prime factors of 694510758.
2, 3, 17, 73, 31091
List the prime factors of 228765882.
2, 3, 2939, 12973
What are the prime factors of 59420993?
59420993
What are the prime factors of 9510446?
2, 11, 17, 59, 431
List the prime factors of 1241401976.
2, 47, 3301601
What are the prime factors of 40076486?
2, 20038243
List the prime factors of 66861665.
5, 13, 19, 54139
List the prime factors of 16058357.
7, 2294051
List the prime factors of 752286444.
2, 3, 7, 13, 688907
List the prime factors of 98066044.
2, 151, 229, 709
What are the prime factors of 2023270?
2, 5, 202327
What are the prime factors of 81830592?
2, 3, 142067
List the prime factors of 431293522.
2, 11, 19604251
What are the prime factors of 529290993?
3, 7, 11, 31, 10559
List the prime factors of 4948220423.
41, 120688303
What are the prime factors of 199476?
2, 3, 1847
What are the prime factors of 4152443393?
7, 43, 577, 23909
List the prime factors of 6803944.
2, 7, 17, 1021
What are the prime factors of 2763937492?
2, 53, 13037441
What are the prime factors of 26904865?
5, 13, 83, 4987
List the prime factors of 23971945.
5, 197, 24337
What are the prime factors of 5082756623?
7, 101, 1027027
What are the prime factors of 449735448?
2, 3, 127, 147551
List the prime factors of 117275412.
2, 3, 139, 70309
List the prime factors of 304870117.
304870117
What are the prime factors of 53276667?
3, 337, 52697
What are the prime factors of 39353272?
2, 7, 100391
What are the prime factors of 265096580?
2, 5, 7, 73, 25939
What are the prime factors of 44424112?
2, 1097, 2531
What are the prime factors of 100343505?
3, 5, 6689567
What are the prime factors of 1491074163?
3, 18408323
What are the prime factors of 2416266742?
2, 1208133371
What are the prime factors of 1901686651?
61, 31175191
List the prime factors of 859985859.
3, 286661953
What are the prime factors of 33309774?
2, 3, 19, 97397
List the prime factors of 851753447.
851753447
What are the prime factors of 193704910?
2, 5, 7, 41, 67493
What are the prime factors of 1425567016?
2, 2437, 73121
List the prime factors of 8678899792.
2, 89, 139, 163, 269
List the prime factors of 1139142583.
1553, 733511
List the prime factors of 131619345.
3, 5, 11, 13, 43, 1427
What are the prime factors of 625809500?
2, 5, 971, 1289
What are the prime factors of 74047877?
2551, 29027
What are the prime factors of 182235472?
2, 11389717
What are the prime factors of 146693113?
7, 271, 11047
What are the prime factors of 558144084?
2, 3, 6271, 7417
What are the prime factors of 29849944?
2, 101, 36943
What are the prime factors of 940300867?
11, 3089, 27673
List the prime factors of 50045049.
3, 593, 9377
List the prime factors of 72465504.
2, 3, 151, 4999
What are the prime factors of 58080751?
58080751
What are the prime factors of 172169786?
2, 86084893
List the prime factors of 291094150.
2, 5, 1511, 3853
What are the prime factors of 25037883?
3, 13, 71333
What are the prime factors of 221132116?
2, 55283029
What are the prime factors of 198481686?
2, 3, 13, 2544637
What are the prime factors of 598409272?
2, 74801159
What are the prime factors of 36472023?
3, 7, 191, 433
What are the prime factors of 190233296?
2, 11, 97, 1013
What are the prime factors of 42337560?
2, 3, 5, 352813
What are the prime factors of 7236749